 {"id":537,"date":"2017-12-19T13:45:06","date_gmt":"2017-12-19T13:45:06","guid":{"rendered":"http:\/\/www.concyl.es\/?page_id=537"},"modified":"2017-12-19T13:51:20","modified_gmt":"2017-12-19T13:51:20","slug":"campana-envase-de-los-medicamentos","status":"publish","type":"page","link":"https:\/\/www.concyl.es\/index.php\/campana-envase-de-los-medicamentos\/","title":{"rendered":"Campa\u00f1a Envase de los medicamentos"},"content":{"rendered":"<link rel=\"stylesheet\" href=\"https:\/\/www.w3schools.com\/w3css\/4\/w3.css\">\n<style>\np {  margin:2% 10% 0% 0%!important;}\n<\/style>\n<h4 style=\"text-align: left;margin-left:5%;\">EL ENVASE DE LOS  MEDICAMENTOS<\/h4>\n<div class=\"w3-row\">\n<div class=\"w3-container w3-third\">\n   <img decoding=\"async\" src=\"\/CONCYL\/wp-content\/uploads\/2017\/12\/envase.jpg\"   style=\"display:block; width:80%; margin:2% 4% 0% 12%;\"><\/p><\/div>\n<div class=\"w3-container w3-twothird\">\n<p> La <b>primera<\/b> de estas campa\u00f1as con el t\u00edtulo<b>\u00ab\u00bfMe conoces? Te informo, el envase de los medicamentos\u00bb<\/b>, tiene como objetivo fomentar entre los pacientes el conocimiento de todas las leyendas que figuran en el envase del medicamento, as\u00ed como su correcta interpretaci\u00f3n; comenz\u00f3 a finales de 2009 y se desarroll\u00f3 en el primer trimestre del a\u00f1o 2010. <\/p>\n<\/p><\/div>\n<\/div>\n","protected":false},"excerpt":{"rendered":"<p>EL ENVASE DE LOS MEDICAMENTOS La primera de estas campa\u00f1as con el t\u00edtulo\u00ab\u00bfMe conoces? Te informo, el envase de los medicamentos\u00bb, tiene como objetivo fomentar entre los pacientes el conocimiento de todas las leyendas que figuran en el envase del medicamento, as\u00ed como su correcta interpretaci\u00f3n; comenz\u00f3 a finales de 2009 y se desarroll\u00f3 en [&hellip;]<\/p>\n","protected":false},"author":1,"featured_media":0,"parent":0,"menu_order":0,"comment_status":"closed","ping_status":"closed","template":"page-full-width.php","meta":{"footnotes":""},"class_list":["post-537","page","type-page","status-publish","hentry"],"_links":{"self":[{"href":"https:\/\/www.concyl.es\/index.php\/wp-json\/wp\/v2\/pages\/537","targetHints":{"allow":["GET"]}}],"collection":[{"href":"https:\/\/www.concyl.es\/index.php\/wp-json\/wp\/v2\/pages"}],"about":[{"href":"https:\/\/www.concyl.es\/index.php\/wp-json\/wp\/v2\/types\/page"}],"author":[{"embeddable":true,"href":"https:\/\/www.concyl.es\/index.php\/wp-json\/wp\/v2\/users\/1"}],"replies":[{"embeddable":true,"href":"https:\/\/www.concyl.es\/index.php\/wp-json\/wp\/v2\/comments?post=537"}],"version-history":[{"count":14,"href":"https:\/\/www.concyl.es\/index.php\/wp-json\/wp\/v2\/pages\/537\/revisions"}],"predecessor-version":[{"id":551,"href":"https:\/\/www.concyl.es\/index.php\/wp-json\/wp\/v2\/pages\/537\/revisions\/551"}],"wp:attachment":[{"href":"https:\/\/www.concyl.es\/index.php\/wp-json\/wp\/v2\/media?parent=537"}],"curies":[{"name":"wp","href":"https:\/\/api.w.org\/{rel}","templated":true}]}}

Campaña Envase de los medicamentos

<link rel="stylesheet" href="https://www.w3schools.com/w3css/4/w3.css">
<style>
p {  margin:2% 10% 0% 0%!important;}
</style>
<h4 style="text-align: left;margin-left:5%;">EL ENVASE DE LOS  MEDICAMENTOS</h4>
<div class="w3-row">
<div class="w3-container w3-third">
   <img decoding="async" src="/CONCYL/wp-content/uploads/2017/12/envase.jpg"   style="display:block; width:80%; margin:2% 4% 0% 12%;"></p></div>
<div class="w3-container w3-twothird">
<p> La <b>primera</b> de estas campañas con el título<b>«¿Me conoces? Te informo, el envase de los medicamentos»</b>, tiene como objetivo fomentar entre los pacientes el conocimiento de todas las leyendas que figuran en el envase del medicamento, así como su correcta interpretación; comenzó a finales de 2009 y se desarrolló en el primer trimestre del año 2010. </p>
</p></div>
</div>

<p>EL ENVASE DE LOS MEDICAMENTOS La primera de estas campañas con el título«¿Me conoces? Te informo, el envase de los medicamentos», tiene como objetivo fomentar entre los pacientes el conocimiento de todas las leyendas que figuran en el envase del medicamento, así como su correcta interpretación; comenzó a finales de 2009 y se desarrolló en [&hellip;]</p>
