 {"id":184,"date":"2017-08-30T08:34:01","date_gmt":"2017-08-30T08:34:01","guid":{"rendered":"http:\/\/www.concyl.es\/?page_id=184"},"modified":"2024-07-19T07:39:54","modified_gmt":"2024-07-19T07:39:54","slug":"miembros-consejo","status":"publish","type":"page","link":"https:\/\/www.concyl.es\/index.php\/el-consejoconcyl\/miembros-consejo\/","title":{"rendered":"Miembros Consejo"},"content":{"rendered":"<style>\n ul{  margin:2% 10% 0% 10%!important;} \nh33 {  margin:0% 10% 0% 10%!important;} \nh3 {  color: #FFFCD1!important;  background: #006938!important;  padding: 5px 5px 5px 30px!important;  margin:2% 0% 0% 0%!important;} \nh5 {  color: #FFFCD1!important;  background: #006938!important;  padding: 5px 5px 5px 30px!important;  margin:2% 0% 0% 10%!important;} \nh55 {  margin:3% 10% 0% 10%!important;} \ntable {  margin:1% 10% 0% 10%!important;} \ntd { color:#777777 !important;text-shadow:none!important;} \n<\/style>\n<h3>ESTRUCTURA ORG\u00c1NICA DEL CONSEJO AUTON\u00d3MICO<\/h3>\n<p style=\"margin: 2% 10% 0% 10%!important;\">Los \u00d3RGANOS DE GOBIERNO del Consejo de Colegios Profesionales de Farmac\u00e9uticos de Castilla y Le\u00f3n son:<\/p>\n<ul style=\"list-style: disc outside none; font-weight: bold; margin: 2% 10% 0% 10%!important;\">\n<li>COMIT\u00c9 DIRECTIVO<\/li>\n<li>PLENO<\/li>\n<li>COMIT\u00c9 T\u00c9CNICO<\/li>\n<\/ul>\n<h5 style=\"width: 600px;\">COMIT\u00c9 DIRECTIVO<\/h5>\n<table style=\"width: 600px;\">\n<tbody>\n<tr>\n<td><b>D\u00aa. M\u00aa. Engracia P\u00e9rez Palomero<\/b><\/td>\n<td>Presidenta<\/td>\n<\/tr>\n<tr>\n<td><b>D\u00aa. Marta Terciado Valls<\/b><\/td>\n<td>Vicepresidenta<\/td>\n<\/tr>\n<tr>\n<td><b>D. Rafael Mart\u00ednez Olmedo<\/b><\/td>\n<td>Secretario<\/td>\n<\/tr>\n<tr>\n<td><b>D\u00aa. Marta Ruano V\u00e1zquez<\/b><\/td>\n<td>Tesorera<\/td>\n<\/tr>\n<\/tbody>\n<\/table>\n<h5 style=\"width: 600px;\">PLENO<\/h5>\n<table style=\"width: 600px;\">\n<tbody>\n<tr>\n<td><b>D\u00aa. M\u00aa. Engracia P\u00e9rez Palomero<\/b><\/td>\n<td>Salamanca<\/td>\n<\/tr>\n<tr>\n<td><b>D\u00aa. Marta Terciado Valls<\/b><\/td>\n<td>\u00c1vila<\/td>\n<\/tr>\n<tr>\n<td><b>D. Rafael Mart\u00ednez Olmedo<\/b><\/td>\n<td>Valladolid<\/td>\n<\/tr>\n<tr>\n<td><b>D\u00aa. Marta Ruano V\u00e1zquez<\/b><\/td>\n<td>Segovia<\/td>\n<\/tr>\n<tr>\n<td><b>D. Miguel \u00c1ngel Mart\u00edn Bazo<\/b><\/td>\n<td>\u00c1vila<\/td>\n<\/tr>\n<tr>\n<td><b>D. Rodrigo Moral Ortiz<\/b><\/td>\n<td>Burgos<\/td>\n<\/tr>\n<tr>\n<td><b>D. Tom\u00e1s Abascal Diago<\/b><\/td>\n<td>Burgos<\/td>\n<\/tr>\n<tr>\n<td><b>D\u00aa. M\u00aa Monserrat \u00c1vila Escribano<\/b><\/td>\n<td>Le\u00f3n<\/td>\n<\/tr>\n<tr>\n<td><b>D\u00aa. Patricia Lourdes T\u00e9llez Vald\u00e9s<\/b><\/td>\n<td>Le\u00f3n<\/td>\n<\/tr>\n<tr>\n<td><b>D\u00aa. Ana Dar\u00eda Deza Ram\u00edrez<\/b><\/td>\n<td>Palencia<\/td>\n<\/tr>\n<tr>\n<td><b>D. Emilio Rodr\u00edguez Barbero<\/b><\/td>\n<td>Palencia<\/td>\n<\/tr>\n<tr>\n<td><b>D. Francisco Javier S\u00e1nchez Hern\u00e1ndez<\/b><\/td>\n<td>Salamanca<\/td>\n<\/tr>\n<tr>\n<td><b>D\u00aa. Cristina M\u00ednguez del Pozo<\/b><\/td>\n<td>Segovia<\/td>\n<\/tr>\n<tr>\n<td><b>D. Javier Alonso Mart\u00ednez<\/b><\/td>\n<td>Soria<\/td>\n<\/tr>\n<tr>\n<td><b>D\u00aa. Elvira Sal del R\u00edo Arganza<\/b><\/td>\n<td>Soria<\/td>\n<\/tr>\n<tr>\n<td><b>D\u00aa. Inmaculada Pastor Mu\u00f1iz<\/b><\/td>\n<td>Valladolid<\/td>\n<\/tr>\n<tr>\n<td><b>D\u00aa. M\u00aa. Teresa Ares Juan<\/b><\/td>\n<td>Zamora<\/td>\n<\/tr>\n<tr>\n<td><b>D. Luis Javier Alberca Garc\u00eda<\/b><\/td>\n<td>Zamora<\/td>\n<\/tr>\n<\/tbody>\n<\/table>\n<h5 style=\"width: 600px;\">COMITE T\u00c9CNICO<\/h5>\n<table style=\"width: 600px;\">\n<tbody>\n<tr>\n<td><b>D\u00aa. Rebeca Cuenca Velasco<\/b><\/td>\n<td>Vocal de Alimentaci\u00f3n<\/td>\n<\/tr>\n<tr>\n<td><b>D\u00aa. Mar\u00eda del Rosario Caro Narros<\/b><\/td>\n<td>Vocal de An\u00e1lisis Cl\u00ednicos<\/td>\n<\/tr>\n<tr>\n<td><b>D\u00aa. M\u00aa. de los \u00c1ngeles Casas Mart\u00edn<\/b><\/td>\n<td>Vocal de Distribuci\u00f3n<\/td>\n<\/tr>\n<tr>\n<td><b>D\u00aa. Mar\u00eda Clara Aren\u00f3s Monz\u00f3<\/b><\/td>\n<td>Vocal de Farmacia Hospitalaria<\/td>\n<\/tr>\n<tr>\n<td><b>D\u00aa. Beatriz Prieto Antol\u00edn<\/b><\/td>\n<td>Vocal de Fcos. Administraciones P\u00fablicas<\/td>\n<\/tr>\n<tr>\n<td><b>D\u00aa. M\u00f3nica \u00c1lvaro Pinto<\/b><\/td>\n<td>Vocal de Fcos. de O.F. Rural<\/td>\n<\/tr>\n<tr>\n<td><b>D\u00aa. Ana Cristina Gamero Mart\u00edn-Granizo<\/b><\/td>\n<td>Vocal de Oficina de Farmacia<\/td>\n<\/tr>\n<tr>\n<td><b>D\u00aa. Mar\u00eda Luisa Alonso N\u00fa\u00f1ez<\/b><\/td>\n<td>Vocal de Ortopedia<\/td>\n<\/tr>\n<\/tbody>\n<\/table>\n<p><!--h5>PARTICIPACI\u00d3N DEL CONSEJO EN ORGANISMOS E INSTITUCIONES REGIONALES, P\u00daBLICAS Y PRIVADAS.<\/h5>\n\n\nEl Consejo de Farmac\u00e9uticos de Castilla y Le\u00f3n forma parte de:\n\n\n<ul style=\"list-style: disc outside none;padding:10px 0px 10px 50px;text-align:justify;\">\n \t\n\n<li>Consejo Regional de Salud.<\/li>\n\n\n \t\n\n<li>Comisi\u00f3n Regional de Farmacia.<\/li>\n\n\n \t\n\n<li>Comisi\u00f3n de Formaci\u00f3n Continuada de las Profesiones Sanitarias de Castilla y Le\u00f3n.<\/li>\n\n\n \t\n\n<li>Observatorio de Agresiones al Personal de la Gerencia Regional de Salud de Castilla y Le\u00f3n.<\/li>\n\n\n \t\n\n<li>Comit\u00e9 Cient\u00edfico Asesor sobre la pandemia de gripe A.<\/li>\n\n\n \t\n\n<li>Comisi\u00f3n de pr\u00e1cticas Tutelas (Facultad de Farmacia\/Universidad de Salamanca)<\/li>\n\n\n \t\n\n<li>Uni\u00f3n Profesional de Castilla y Le\u00f3n.<\/li>\n\n\n<\/ul-->\n","protected":false},"excerpt":{"rendered":"<p>ESTRUCTURA ORG\u00c1NICA DEL CONSEJO AUTON\u00d3MICO Los \u00d3RGANOS DE GOBIERNO del Consejo de Colegios Profesionales de Farmac\u00e9uticos de Castilla y Le\u00f3n son: COMIT\u00c9 DIRECTIVO PLENO COMIT\u00c9 T\u00c9CNICO COMIT\u00c9 DIRECTIVO D\u00aa. M\u00aa. Engracia P\u00e9rez Palomero Presidenta D\u00aa. Marta Terciado Valls Vicepresidenta D. Rafael Mart\u00ednez Olmedo Secretario D\u00aa. Marta Ruano V\u00e1zquez Tesorera PLENO D\u00aa. M\u00aa. Engracia P\u00e9rez Palomero [&hellip;]<\/p>\n","protected":false},"author":1,"featured_media":0,"parent":167,"menu_order":0,"comment_status":"closed","ping_status":"closed","template":"page-full-width.php","meta":{"footnotes":""},"class_list":["post-184","page","type-page","status-publish","hentry"],"_links":{"self":[{"href":"https:\/\/www.concyl.es\/index.php\/wp-json\/wp\/v2\/pages\/184","targetHints":{"allow":["GET"]}}],"collection":[{"href":"https:\/\/www.concyl.es\/index.php\/wp-json\/wp\/v2\/pages"}],"about":[{"href":"https:\/\/www.concyl.es\/index.php\/wp-json\/wp\/v2\/types\/page"}],"author":[{"embeddable":true,"href":"https:\/\/www.concyl.es\/index.php\/wp-json\/wp\/v2\/users\/1"}],"replies":[{"embeddable":true,"href":"https:\/\/www.concyl.es\/index.php\/wp-json\/wp\/v2\/comments?post=184"}],"version-history":[{"count":45,"href":"https:\/\/www.concyl.es\/index.php\/wp-json\/wp\/v2\/pages\/184\/revisions"}],"predecessor-version":[{"id":3300,"href":"https:\/\/www.concyl.es\/index.php\/wp-json\/wp\/v2\/pages\/184\/revisions\/3300"}],"up":[{"embeddable":true,"href":"https:\/\/www.concyl.es\/index.php\/wp-json\/wp\/v2\/pages\/167"}],"wp:attachment":[{"href":"https:\/\/www.concyl.es\/index.php\/wp-json\/wp\/v2\/media?parent=184"}],"curies":[{"name":"wp","href":"https:\/\/api.w.org\/{rel}","templated":true}]}}