 {"id":1293,"date":"2021-03-15T13:00:26","date_gmt":"2021-03-15T13:00:26","guid":{"rendered":"http:\/\/www.concyl.es\/?page_id=1293"},"modified":"2022-05-10T15:26:33","modified_gmt":"2022-05-10T15:26:33","slug":"legislacion-nacional","status":"publish","type":"page","link":"https:\/\/www.concyl.es\/index.php\/legislacion-nacional\/","title":{"rendered":"Legislacion Nacional"},"content":{"rendered":"<style>\n<p> ul{  margin:2% 10% 0% 15%!important;font-family: 'Roboto';    font-weight: 400;    font-size: 15px;    line-height: 25px;} \nh33 {  margin:0% 10% 0% 10%!important;} \nh3 {  color: #FFFCD1!important;  background: #006938!important;  padding: 5px 5px 5px 30px!important;  margin:2% 0% 0% 0%!important;} \nh5 {  color: #FFFCD1!important;  background: #006938!important;  padding: 5px 5px 5px 30px!important;  margin:2% 0% 0% 10%!important;} \nh55 {  margin:3% 10% 0% 10%!important;} \ntable {  margin:1% 10% 0% 10%!important;} \ntd { color:#777777 !important;} \n<\/style>\n<h3>LEGISLACI\u00d3N NACIONAL<\/h3>\n<p style=\"margin: 2% 10% 0% 10%!important;\">\n<div style=\"margin: 2% 10% 0% 10%!important;\">\n<p style=\"text-align: justify;\">\n<ul>\n<li style=\"list-style-type: none;\">\n<ul>\n<li style=\"list-style-type: square;\"><span style=\"font-size: 11.0pt; text-decoration: none; text-underline: none;\"><a style=\"color: blue!important;\" href=\"https:\/\/www.boe.es\/buscar\/pdf\/1986\/BOE-A-1986-10499-consolidado.pdf\" target=\"_blank\" rel=\"noopener\"><span style=\"text-decoration: none; text-underline: none;\">Ley 14\/1986, de 25 de abril, General de Sanidad.<\/span><\/a><\/span><\/li>\n<\/ul>\n<\/li>\n<\/ul>\n<p style=\"margin-left: 18.0pt; text-align: justify;\"><span style=\"font-size: 11.0pt; text-decoration: none; text-underline: none;\">\u00a0<\/span><\/p>\n<ul>\n<li style=\"list-style-type: none;\">\n<ul>\n<li style=\"list-style-type: square;\"><a style=\"color: blue!important;\" href=\"https:\/\/www.boe.es\/buscar\/pdf\/2011\/BOE-A-2011-15623-consolidado.pdf\"><span style=\"font-size: 11.0pt; text-decoration: none; text-underline: none;\">Ley 33\/2011,de 4 de octubre, General de Salud P\u00fablica. \u00a0\u00a0\u00a0<\/span><\/a><\/li>\n<\/ul>\n<\/li>\n<\/ul>\n<p style=\"margin-left: 18.0pt; text-align: justify;\"><span style=\"font-size: 11.0pt; text-decoration: none; text-underline: none;\">\u00a0<\/span><\/p>\n<ul>\n<li style=\"list-style-type: none;\">\n<ul>\n<li style=\"list-style-type: square;\"><a style=\"color: blue!important;\" href=\"https:\/\/www.boe.es\/buscar\/pdf\/2011\/BOE-A-2011-11604-consolidado.pdf\"><span style=\"font-size: 11.0pt; text-decoration: none; text-underline: none;\">Ley 17\/2011, de 5 de julio, de Seguridad Alimentaria y Nutrici\u00f3n.<\/span><\/a><\/li>\n<\/ul>\n<\/li>\n<\/ul>\n<p style=\"margin-left: 18.0pt; text-align: justify;\"><span style=\"font-size: 11.0pt; text-decoration: none; text-underline: none;\">\u00a0<\/span><\/p>\n<ul>\n<li style=\"list-style-type: none;\">\n<ul>\n<li style=\"list-style-type: square;\"><a style=\"color: blue!important;\" href=\"https:\/\/www.boe.es\/buscar\/pdf\/2003\/BOE-A-2003-21340-consolidado.pdf\"><span style=\"font-size: 11.0pt; text-decoration: none; text-underline: none;\">Ley 44\/2003, de 21 de noviembre, de Ordenaci\u00f3n de las Profesiones Sanitarias.<\/span><\/a><\/li>\n<\/ul>\n<\/li>\n<\/ul>\n<p style=\"margin-left: 18.0pt; text-align: justify;\"><span style=\"font-size: 11.0pt; text-decoration: none; text-underline: none;\">\u00a0<\/span><\/p>\n<ul>\n<li style=\"list-style-type: none;\">\n<ul>\n<li style=\"list-style-type: square;\"><a style=\"font-size: 11.0pt; text-decoration: none; text-underline: none; color: blue!important;\" href=\"https:\/\/www.boe.es\/boe\/dias\/2014\/08\/14\/pdfs\/BOE-A-2014-8712.pdf\">Real Decreto 640\/2014, de 25 de julio, por el que se regula el Registro Estatal de Profesionales Sanitarios.<\/a><\/li>\n<\/ul>\n<\/li>\n<\/ul>\n<p style=\"text-align: justify;\"><span style=\"font-size: 11.0pt; text-decoration: none; text-underline: none;\">\u00a0<\/span><\/p>\n<ul>\n<li style=\"list-style-type: none;\">\n<ul>\n<li style=\"list-style-type: square;\"><a style=\"color: blue!important;\" href=\"https:\/\/www.boe.es\/buscar\/pdf\/2003\/BOE-A-2003-19572-consolidado.pdf\"><span style=\"font-size: 11.0pt; text-decoration: none; text-underline: none;\">Real Decreto 1277\/2003, de 10 de octubre, por el que se establecen las bases generales sobre autorizaci\u00f3n de centros, servicios y establecimientos sanitarios.<\/span><\/a><\/li>\n<\/ul>\n<\/li>\n<\/ul>\n<p style=\"margin-left: 18.0pt; text-align: justify;\"><span style=\"font-size: 11.0pt; color: #0563c1; mso-themecolor: hyperlink;\">\u00a0<\/span><\/p>\n<ul>\n<li style=\"list-style-type: none;\">\n<ul>\n<li style=\"list-style-type: square;\"><a style=\"color: blue!important;\" href=\"https:\/\/www.boe.es\/buscar\/pdf\/2007\/BOE-A-2007-5584-consolidado.pdf\"><span style=\"font-size: 11.0pt; text-decoration: none; text-underline: none;\">Ley 2\/2007, de 15 de marzo, de Sociedades Profesionales.<\/span><\/a><\/li>\n<\/ul>\n<\/li>\n<\/ul>\n<p style=\"text-align: justify;\"><span style=\"text-decoration: none; text-underline: none;\">\u00a0<\/span><\/p>\n<ul>\n<li style=\"list-style-type: none;\">\n<ul>\n<li style=\"list-style-type: square;\"><a style=\"color: blue!important;\" href=\"https:\/\/www.boe.es\/buscar\/pdf\/2015\/BOE-A-2015-8343-consolidado.pdf\"><span style=\"font-size: 11.0pt; text-decoration: none; text-underline: none;\">Real Decreto Legislativo 1\/2015, de 24 de julio, por el que se aprueba el texto refundido de la Ley de garant\u00edas y uso racional de los medicamentos y productos sanitarios.<\/span><\/a><\/li>\n<\/ul>\n<\/li>\n<\/ul>\n<p style=\"text-align: justify;\"><span style=\"text-decoration: none; text-underline: none;\">\u00a0<\/span><\/p>\n<ul>\n<li style=\"list-style-type: none;\">\n<ul>\n<li style=\"list-style-type: square;\"><a style=\"color: blue!important;\" href=\"https:\/\/www.boe.es\/buscar\/pdf\/2011\/BOE-A-2011-1013-consolidado.pdf\"><span style=\"font-size: 11.0pt; text-decoration: none; text-underline: none;\">Real Decreto 1718\/2010, de 17 de diciembre, sobre receta m\u00e9dica y \u00f3rdenes de dispensaci\u00f3n.<\/span><\/a><\/li>\n<\/ul>\n<\/li>\n<\/ul>\n<p style=\"text-align: justify;\"><span style=\"font-size: 11.0pt; text-decoration: none; text-underline: none;\">\u00a0<\/span><\/p>\n<ul>\n<li style=\"list-style-type: none;\">\n<ul>\n<li style=\"list-style-type: square;\"><a style=\"color: blue!important;\" href=\"https:\/\/www.boe.es\/buscar\/pdf\/2012\/BOE-A-2012-15711-consolidado.pdf\"><span style=\"font-size: 11.0pt; text-decoration: none; text-underline: none;\">Real Decreto 1675\/2012, de 14 de diciembre, por el que se regulan las recetas oficiales y los requisitos especiales de prescripci\u00f3n y dispensaci\u00f3n de estupefacientes para uso humano y veterinario.<\/span><\/a>&lt;spanstyle=&#8217;font-size:11.0pt;text-decoration:none;text-underline:none&#8217;&gt;&lt;\/spanstyle=&#8217;font-size:11.0pt;text-decoration:none;text-underline:none&#8217;&gt;<\/li>\n<\/ul>\n<\/li>\n<\/ul>\n<p style=\"margin-left: 18.0pt; text-align: justify;\"><span style=\"font-size: 11.0pt; text-decoration: none; text-underline: none;\">\u00a0<\/span><\/p>\n<ul>\n<li style=\"list-style-type: none;\">\n<ul>\n<li style=\"list-style-type: square;\"><a style=\"color: blue!important;\" href=\"https:\/\/www.boe.es\/buscar\/pdf\/1995\/BOE-A-1995-5653-consolidado.pdf\"><span style=\"font-size: 11.0pt; text-decoration: none; text-underline: none;\">Real Decreto 109\/1995, de 27 de enero, sobre medicamentos veterinarios.<\/span><\/a><\/li>\n<\/ul>\n<\/li>\n<\/ul>\n<p style=\"margin-left: 18.0pt; text-align: justify;\"><span style=\"font-size: 11.0pt; text-decoration: none; text-underline: none;\">\u00a0<\/span><\/p>\n<ul>\n<li style=\"list-style-type: none;\">\n<ul>\n<li style=\"list-style-type: square;\"><a style=\"color: blue!important;\" href=\"https:\/\/www.boe.es\/buscar\/pdf\/2001\/BOE-A-2001-5185-consolidado.pdf\"><span style=\"font-size: 11.0pt; text-decoration: none; text-underline: none;\">Real Decreto 175\/2001, de 23 de febrero, por el que se aprueban las normas de correcta elaboraci\u00f3n y control de calidad de f\u00f3rmulas magistrales y <span class=\"GramE\">preparados<\/span> oficinales<\/span><\/a><span style=\"font-size: 11.0pt; text-decoration: none; text-underline: none;\">.<\/span><\/li>\n<\/ul>\n<\/li>\n<\/ul>\n<p style=\"margin-left: 18.0pt; text-align: justify;\"><span style=\"font-size: 11.0pt; text-decoration: none; text-underline: none;\">\u00a0<\/span><\/p>\n<ul>\n<li style=\"list-style-type: none;\">\n<ul>\n<li style=\"list-style-type: square;\"><span style=\"text-decoration: none; text-underline: none;\"><a style=\"color: blue!important;\" href=\"https:\/\/www.boe.es\/boe\/dias\/2018\/10\/23\/pdfs\/BOE-A-2018-14474.pdf\"><span style=\"font-size: 11.0pt; text-decoration: none; text-underline: none;\">Real Decreto 1302\/2018, de 22 de octubre, por el que se modifica el Real Decreto 954\/2015, de 23 de octubre, por el que se regula la indicaci\u00f3n, uso y autorizaci\u00f3n de dispensaci\u00f3n de medicamentos y productos sanitarios de uso humano por parte de los enfermeros. <\/span><\/a><\/span><\/li>\n<\/ul>\n<\/li>\n<\/ul>\n<p style=\"margin-left: 18.0pt; text-align: justify;\"><span style=\"font-size: 11.0pt; text-decoration: none; text-underline: none;\">\u00a0<\/span><\/p>\n<ul>\n<li style=\"list-style-type: none;\">\n<ul>\n<li style=\"list-style-type: square;\"><a style=\"color: blue!important;\" href=\"https:\/\/www.boe.es\/buscar\/pdf\/2013\/BOE-A-2013-11728-consolidado.pdf\"><span style=\"font-size: 11.0pt; text-decoration: none; text-underline: none;\">Real Decreto 870\/2013, de 8 de noviembre, por el que se regula la venta a distancia al p\u00fablico, a trav\u00e9s de sitios web, de medicamentos de uso humano no sujetos a prescripci\u00f3n m\u00e9dica.<\/span><\/a><\/li>\n<\/ul>\n<\/li>\n<\/ul>\n<p style=\"margin-left: 18.0pt; text-align: justify;\"><span style=\"text-decoration: none; text-underline: none;\">\u00a0<\/span><\/p>\n<ul>\n<li style=\"list-style-type: none;\">\n<ul>\n<li style=\"list-style-type: square;\"><a style=\"color: blue!important;\" href=\"https:\/\/www.boe.es\/buscar\/pdf\/2013\/BOE-A-2013-8191-consolidado.pdf\"><span style=\"font-size: 11.0pt; text-decoration: none; text-underline: none;\">Real Decreto 577\/2013, de 26 de julio, por el que se regula la <span class=\"SpellE\">farmacovigilancia<\/span> de medicamentos de uso humano.<\/span><\/a><\/li>\n<\/ul>\n<\/li>\n<\/ul>\n<\/div>\n","protected":false},"excerpt":{"rendered":"<p>LEGISLACI\u00d3N NACIONAL Ley 14\/1986, de 25 de abril, General de Sanidad. \u00a0 Ley 33\/2011,de 4 de octubre, General de Salud P\u00fablica. \u00a0\u00a0\u00a0 \u00a0 Ley 17\/2011, de 5 de julio, de Seguridad Alimentaria y Nutrici\u00f3n. \u00a0 Ley 44\/2003, de 21 de noviembre, de Ordenaci\u00f3n de las Profesiones Sanitarias. \u00a0 Real Decreto 640\/2014, de 25 de julio, [&hellip;]<\/p>\n","protected":false},"author":1,"featured_media":0,"parent":0,"menu_order":0,"comment_status":"closed","ping_status":"closed","template":"page-full-width.php","meta":{"footnotes":""},"class_list":["post-1293","page","type-page","status-publish","hentry"],"_links":{"self":[{"href":"https:\/\/www.concyl.es\/index.php\/wp-json\/wp\/v2\/pages\/1293","targetHints":{"allow":["GET"]}}],"collection":[{"href":"https:\/\/www.concyl.es\/index.php\/wp-json\/wp\/v2\/pages"}],"about":[{"href":"https:\/\/www.concyl.es\/index.php\/wp-json\/wp\/v2\/types\/page"}],"author":[{"embeddable":true,"href":"https:\/\/www.concyl.es\/index.php\/wp-json\/wp\/v2\/users\/1"}],"replies":[{"embeddable":true,"href":"https:\/\/www.concyl.es\/index.php\/wp-json\/wp\/v2\/comments?post=1293"}],"version-history":[{"count":17,"href":"https:\/\/www.concyl.es\/index.php\/wp-json\/wp\/v2\/pages\/1293\/revisions"}],"predecessor-version":[{"id":2988,"href":"https:\/\/www.concyl.es\/index.php\/wp-json\/wp\/v2\/pages\/1293\/revisions\/2988"}],"wp:attachment":[{"href":"https:\/\/www.concyl.es\/index.php\/wp-json\/wp\/v2\/media?parent=1293"}],"curies":[{"name":"wp","href":"https:\/\/api.w.org\/{rel}","templated":true}]}}