 {"id":1163,"date":"2021-03-10T16:16:54","date_gmt":"2021-03-10T16:16:54","guid":{"rendered":"http:\/\/www.concyl.es\/?page_id=1163"},"modified":"2022-06-24T11:03:12","modified_gmt":"2022-06-24T11:03:12","slug":"memorias-de-actividad","status":"publish","type":"page","link":"https:\/\/www.concyl.es\/index.php\/memorias-de-actividad\/","title":{"rendered":"Memorias de Actividad"},"content":{"rendered":"<p><script><br \/>\nfunction SAL_over() {<br \/>\n    document.getElementById(\"imagen\").src = \"\/CONCYL\/wp-content\/uploads\/2017\/09\/mapa_CYL_SAL.png\";<br \/>\n}<br \/>\nfunction SEG_over() {<br \/>\n    document.getElementById(\"imagen\").src = \"\/CONCYL\/wp-content\/uploads\/2017\/09\/mapa_CYL_SEG.png\";<br \/>\n}<br \/>\nfunction SOR_over() {<br \/>\n    document.getElementById(\"imagen\").src = \"\/CONCYL\/wp-content\/uploads\/2017\/09\/mapa_CYL_SOR.png\";<br \/>\n}<br \/>\nfunction BUR_over() {<br \/>\n    document.getElementById(\"imagen\").src = \"\/CONCYL\/wp-content\/uploads\/2017\/09\/mapa_CYL_BUR.png\";<br \/>\n}<br \/>\nfunction PAL_over() {<br \/>\n    document.getElementById(\"imagen\").src = \"\/CONCYL\/wp-content\/uploads\/2017\/09\/mapa_CYL_PAL.png\";<br \/>\n}<br \/>\nfunction LEO_over() {<br \/>\n    document.getElementById(\"imagen\").src = \"\/CONCYL\/wp-content\/uploads\/2017\/09\/mapa_CYL_LEO.png\";<br \/>\n}<br \/>\nfunction ZAM_over() {<br \/>\n    document.getElementById(\"imagen\").src = \"\/CONCYL\/wp-content\/uploads\/2017\/09\/mapa_CYL_ZAM.png\";<br \/>\n}<br \/>\nfunction VAL_over() {<br \/>\n    document.getElementById(\"imagen\").src = \"\/CONCYL\/wp-content\/uploads\/2017\/09\/mapa_CYL_VAL.png\";<br \/>\n}<br \/>\nfunction AVI_over() {<br \/>\n    document.getElementById(\"imagen\").src = \"\/CONCYL\/wp-content\/uploads\/2017\/09\/mapa_CYL_AVI.png\";<br \/>\n}function MAP_out() {<br \/>\n    document.getElementById(\"imagen\").src = \"\/CONCYL\/wp-content\/uploads\/2017\/09\/mapa_CYL.png\";<br \/>\n}<br \/>\n<\/script><\/p>\n<style>\n.blog-post-title-wrapper p{display:none;}<br \/>\n.blog-post-title-wrapper h5{ color:#727272 !important; font-size:15px !important; }<br \/>\n<\/style>\n<style>\n<p>li{  margin:0% 0% 1% 0%!important;}<br \/>\nol{  margin:2% 10% 0% 10%!important;}<br \/>\nh33 {  margin:0% 10% 0% 10%!important;}<br \/>\nh3 { color: #FFFCD1!important;  background: #006938!important;  padding: 5px 5px 5px 10px!important;  margin-bottom: 2px!important;}<br \/>\nh5 {  margin:3% 10% 0% 10%!important;}<br \/>\ntable {  margin:1% 10% 0% 10%!important;}<br \/>\nspan {font-family: Arial!important; margin:0% 0% 0% 0%!important;color:#0077FF !important;}<br \/>\ntd { color:#777777 !important;}<br \/>\n<\/style>\n<div id=\"container\">\n<div>\n<div>\n<h3>MEMORIAS DE ACTIVIDAD<\/h3>\n<\/div>\n<div style=\"margin: 3% 0% 0% 2%;\">\n<h3 style=\"color: #fffcd1!important; background: #006938!important; padding: 5px 5px 5px 10px!important; margin-bottom: 2px!important; font-size: 120%;\">Memorias de Actividad del Consejo de Colegios Profesionales de Farmac\u00e9uticos de Castilla y Le\u00f3n &#8211; CONCYL<\/h3>\n<div style=\"margin: 3% 0% 0% 2%; text-align: center;\"><a href=\"..\/..\/wp-content\/uploads\/2022\/06\/MEMORIA_CONCYL_2021.pdf\"><span style=\"text-decoration: underline;\">Memoria a\u00f1o 2021<\/span><\/a><br \/>\n<a href=\"..\/..\/files\/Memoria_Actividades_Concyl_2020.pdf\"><span style=\"text-decoration: underline;\">Memoria a\u00f1o 2020<\/span><\/a><br \/>\n<a href=\"..\/..\/files\/Memoria_Actividades_Concyl_2019.pdf\"><span style=\"text-decoration: underline;\">Memoria a\u00f1o 2019<\/span><\/a><br \/>\n<a href=\"..\/..\/files\/MEMORIA_CONCYL_2018.pdf\"><span style=\"text-decoration: underline;\">Memoria a\u00f1o 2018<\/span><\/a><br \/>\n<a href=\"..\/..\/files\/MEMORIA_CONCYL_2017.pdf\"><span style=\"text-decoration: underline;\">Memoria a\u00f1o 2017<\/span><\/a><br \/>\n<!--a href=\"..\/..\/files\/MEMORIA_CONCYL_2016.pdf\"><span style=\"text-decoration: underline;\">Memoria a\u00f1o 2016<\/span><\/a><\/div--><\/div>\n<div style=\"margin: 3% 0% 0% 2%;\">\n<h3 style=\"color: #fffcd1!important; background: #006938!important; padding: 5px 5px 5px 10px!important; margin-bottom: 2px!important; font-size: 120%;\">Memorias de Actividad de los Colegios Oficiales de Farmac\u00e9uticos de Castilla y Le\u00f3n<\/h3>\n<div style=\"margin: 5% 0% 5% 0%;\" align=\"center\"><img decoding=\"async\" id=\"imagen\" class=\"mapa\" src=\"\/wp-content\/uploads\/2017\/09\/mapa_CYL.png\" alt=\"\" usemap=\"#Map\" \/><\/p>\n<map id=\"Map\" name=\"Map\">\n<area id=\"SALAMANCA\" class=\"SAL\" title=\"SALAMANCA\" alt=\"\" coords=\"44,194,80,212,84,203,133,214,143,216,141,223,149,234,112,288,98,290,93,302,86,298,76,304,56,282,30,296,31,302,6,304,14,238,1,220\" shape=\"poly\" href=\" \" \/>\n<area title=\"AVILA\" alt=\"\" coords=\"147,213,155,212,166,221,175,218,194,250,199,270,205,270,217,264,217,272,209,278,207,294,184,316,169,311,157,323,125,324,122,309,108,312,97,305,101,294,116,288,150,237,145,223\" shape=\"poly\" href=\"https:\/\/www.cofavila.com\/files\/MEMORIA-ANUAL-2019.pdf\" \/>\n<area title=\"SEGOVIA\" alt=\"\" coords=\"178,214,193,198,191,188,233,178,231,170,251,186,255,174,265,171,283,184,281,192,291,203,261,220,237,235,232,254,202,268\" shape=\"poly\" href=\"http:\/\/www.cofsegovia.com\/P%C3%A1ginas\/Ventanillaunica\/Ventanilla%20%C3%BAnica%20-%20Ciudadanos.htm\" \/>\n<area title=\"SORIA\" alt=\"\" coords=\"274,171,285,153,285,143,294,150,315,125,339,130,347,113,371,120,377,132,389,134,399,163,385,167,391,189,384,190,372,196,375,210,379,220,351,226,341,208,297,202,285,193,287,181,270,174\" shape=\"poly\" href=\"http:\/\/www.cofsoria.es\/colegio\/index_d.shtml?refbol=elcolegio&amp;refsec=memoria_colegial\" \/>\n<area title=\"BURGOS\" alt=\"\" coords=\"240,42,234,26,258,8,291,6,307,33,300,40,317,62,303,66,304,119,313,124,295,146,284,140,282,152,274,169,255,170,251,179,233,167,226,144,237,131,220,110,213,56\" shape=\"poly\" href=\"https:\/\/www.cofburgos.es\/es\/subseccion\/98\/1\/\" \/>\n<area title=\"PALENCIA\" alt=\"\" coords=\"183,19,169,34,163,95,155,96,154,108,161,112,155,133,163,132,173,147,179,140,195,154,224,152,222,140,232,132,212,111,209,58,224,48,215,30,197,17\" shape=\"poly\" href=\"http:\/\/www.cofpalencia.org\/PUBLICO\/MEMORIAS\/memoria2019.pdf\" \/>\n<area title=\"LEON\" alt=\"\" coords=\"105,18,117,20,149,10,166,0,179,18,166,35,160,92,127,100,127,122,24,96,26,86,19,84,19,70,3,68,5,48,15,44,20,30,51,28,54,14,79,15,102,26\" shape=\"poly\" href=\"https:\/\/www.cofleon.es\/colegio\/memorias-anuales\/\" \/>\n<area title=\"ZAMORA\" alt=\"\" coords=\"22,97,127,124,132,127,133,148,125,150,137,177,129,181,132,212,81,203,81,210,43,192,62,167,37,154,37,129,8,126,2,111\" shape=\"poly\" href=\"https:\/\/www.cofzamora.es\/es\/el-colegio\/memoria-colegial\" \/>\n<area title=\"VALLADOLID\" alt=\"\" coords=\"153,97,152,109,157,114,153,133,163,135,171,150,178,144,194,157,223,155,228,176,189,186,189,194,173,214,165,217,157,212,143,212,136,210,132,183,140,177,129,153,136,149,137,126,130,121,130,104\" shape=\"poly\" href=\"https:\/\/www.farmaceuticosdevalladolid.es\/modulo\/elcolegio\/memoria-colegial\/\" \/>\n <\/map>\n<\/div>\n<h3 style=\"color: #fffcd1!important; background: #006938!important; padding: 5px 5px 5px 10px!important; margin-bottom: 2px!important; font-size: 120%;\">Memorias del Consejo General de Colegios Oficiales de Farmac\u00e9uticos &#8211; CGCOF<\/h3>\n<div style=\"margin: 3% 0% 0% 2%; text-align: center;\"><a href=\"https:\/\/www.portalfarma.com\/profesionales\/organizacionfcolegial\/memoriaactv\/Paginas\/listado.aspx\"><span style=\"text-decoration: underline;\">Memoria del Consejo General<\/span><\/a><\/p>\n<\/div>\n<\/div>\n<\/div>\n<\/div>\n<\/div>\n","protected":false},"excerpt":{"rendered":"<p>MEMORIAS DE ACTIVIDAD Memorias de Actividad del Consejo de Colegios Profesionales de Farmac\u00e9uticos de Castilla y Le\u00f3n &#8211; CONCYL Memoria a\u00f1o 2021 Memoria a\u00f1o 2020 Memoria a\u00f1o 2019 Memoria a\u00f1o 2018 Memoria a\u00f1o 2017 Memorias de Actividad de los Colegios Oficiales de Farmac\u00e9uticos de Castilla y Le\u00f3n Memorias del Consejo General de Colegios Oficiales de [&hellip;]<\/p>\n","protected":false},"author":1,"featured_media":0,"parent":0,"menu_order":0,"comment_status":"closed","ping_status":"closed","template":"page-full-width.php","meta":{"footnotes":""},"class_list":["post-1163","page","type-page","status-publish","hentry"],"_links":{"self":[{"href":"https:\/\/www.concyl.es\/index.php\/wp-json\/wp\/v2\/pages\/1163","targetHints":{"allow":["GET"]}}],"collection":[{"href":"https:\/\/www.concyl.es\/index.php\/wp-json\/wp\/v2\/pages"}],"about":[{"href":"https:\/\/www.concyl.es\/index.php\/wp-json\/wp\/v2\/types\/page"}],"author":[{"embeddable":true,"href":"https:\/\/www.concyl.es\/index.php\/wp-json\/wp\/v2\/users\/1"}],"replies":[{"embeddable":true,"href":"https:\/\/www.concyl.es\/index.php\/wp-json\/wp\/v2\/comments?post=1163"}],"version-history":[{"count":29,"href":"https:\/\/www.concyl.es\/index.php\/wp-json\/wp\/v2\/pages\/1163\/revisions"}],"predecessor-version":[{"id":3006,"href":"https:\/\/www.concyl.es\/index.php\/wp-json\/wp\/v2\/pages\/1163\/revisions\/3006"}],"wp:attachment":[{"href":"https:\/\/www.concyl.es\/index.php\/wp-json\/wp\/v2\/media?parent=1163"}],"curies":[{"name":"wp","href":"https:\/\/api.w.org\/{rel}","templated":true}]}}

<p><script><br />
function SAL_over() {<br />
    document.getElementById("imagen").src = "/CONCYL/wp-content/uploads/2017/09/mapa_CYL_SAL.png";<br />
}<br />
function SEG_over() {<br />
    document.getElementById("imagen").src = "/CONCYL/wp-content/uploads/2017/09/mapa_CYL_SEG.png";<br />
}<br />
function SOR_over() {<br />
    document.getElementById("imagen").src = "/CONCYL/wp-content/uploads/2017/09/mapa_CYL_SOR.png";<br />
}<br />
function BUR_over() {<br />
    document.getElementById("imagen").src = "/CONCYL/wp-content/uploads/2017/09/mapa_CYL_BUR.png";<br />
}<br />
function PAL_over() {<br />
    document.getElementById("imagen").src = "/CONCYL/wp-content/uploads/2017/09/mapa_CYL_PAL.png";<br />
}<br />
function LEO_over() {<br />
    document.getElementById("imagen").src = "/CONCYL/wp-content/uploads/2017/09/mapa_CYL_LEO.png";<br />
}<br />
function ZAM_over() {<br />
    document.getElementById("imagen").src = "/CONCYL/wp-content/uploads/2017/09/mapa_CYL_ZAM.png";<br />
}<br />
function VAL_over() {<br />
    document.getElementById("imagen").src = "/CONCYL/wp-content/uploads/2017/09/mapa_CYL_VAL.png";<br />
}<br />
function AVI_over() {<br />
    document.getElementById("imagen").src = "/CONCYL/wp-content/uploads/2017/09/mapa_CYL_AVI.png";<br />
}function MAP_out() {<br />
    document.getElementById("imagen").src = "/CONCYL/wp-content/uploads/2017/09/mapa_CYL.png";<br />
}<br />
</script></p>
<style>
.blog-post-title-wrapper p{display:none;}<br />
.blog-post-title-wrapper h5{ color:#727272 !important; font-size:15px !important; }<br />
</style>
<style>
<p>li{  margin:0% 0% 1% 0%!important;}<br />
ol{  margin:2% 10% 0% 10%!important;}<br />
h33 {  margin:0% 10% 0% 10%!important;}<br />
h3 { color: #FFFCD1!important;  background: #006938!important;  padding: 5px 5px 5px 10px!important;  margin-bottom: 2px!important;}<br />
h5 {  margin:3% 10% 0% 10%!important;}<br />
table {  margin:1% 10% 0% 10%!important;}<br />
span {font-family: Arial!important; margin:0% 0% 0% 0%!important;color:#0077FF !important;}<br />
td { color:#777777 !important;}<br />
</style>
<div id="container">
<div>
<div>
<h3>MEMORIAS DE ACTIVIDAD</h3>
</div>
<div style="margin: 3% 0% 0% 2%;">
<h3 style="color: #fffcd1!important; background: #006938!important; padding: 5px 5px 5px 10px!important; margin-bottom: 2px!important; font-size: 120%;">Memorias de Actividad del Consejo de Colegios Profesionales de Farmacéuticos de Castilla y León &#8211; CONCYL</h3>
<div style="margin: 3% 0% 0% 2%; text-align: center;"><a href="../../wp-content/uploads/2022/06/MEMORIA_CONCYL_2021.pdf"><span style="text-decoration: underline;">Memoria año 2021</span></a><br />
<a href="../../files/Memoria_Actividades_Concyl_2020.pdf"><span style="text-decoration: underline;">Memoria año 2020</span></a><br />
<a href="../../files/Memoria_Actividades_Concyl_2019.pdf"><span style="text-decoration: underline;">Memoria año 2019</span></a><br />
<a href="../../files/MEMORIA_CONCYL_2018.pdf"><span style="text-decoration: underline;">Memoria año 2018</span></a><br />
<a href="../../files/MEMORIA_CONCYL_2017.pdf"><span style="text-decoration: underline;">Memoria año 2017</span></a><br />
<!--a href="../../files/MEMORIA_CONCYL_2016.pdf"><span style="text-decoration: underline;">Memoria año 2016</span></a></div--></div>
<div style="margin: 3% 0% 0% 2%;">
<h3 style="color: #fffcd1!important; background: #006938!important; padding: 5px 5px 5px 10px!important; margin-bottom: 2px!important; font-size: 120%;">Memorias de Actividad de los Colegios Oficiales de Farmacéuticos de Castilla y León</h3>
<div style="margin: 5% 0% 5% 0%;" align="center"><img decoding="async" id="imagen" class="mapa" src="/wp-content/uploads/2017/09/mapa_CYL.png" alt="" usemap="#Map" /></p>
<map id="Map" name="Map">
<area id="SALAMANCA" class="SAL" title="SALAMANCA" alt="" coords="44,194,80,212,84,203,133,214,143,216,141,223,149,234,112,288,98,290,93,302,86,298,76,304,56,282,30,296,31,302,6,304,14,238,1,220" shape="poly" href=" " />
<area title="AVILA" alt="" coords="147,213,155,212,166,221,175,218,194,250,199,270,205,270,217,264,217,272,209,278,207,294,184,316,169,311,157,323,125,324,122,309,108,312,97,305,101,294,116,288,150,237,145,223" shape="poly" href="https://www.cofavila.com/files/MEMORIA-ANUAL-2019.pdf" />
<area title="SEGOVIA" alt="" coords="178,214,193,198,191,188,233,178,231,170,251,186,255,174,265,171,283,184,281,192,291,203,261,220,237,235,232,254,202,268" shape="poly" href="http://www.cofsegovia.com/P%C3%A1ginas/Ventanillaunica/Ventanilla%20%C3%BAnica%20-%20Ciudadanos.htm" />
<area title="SORIA" alt="" coords="274,171,285,153,285,143,294,150,315,125,339,130,347,113,371,120,377,132,389,134,399,163,385,167,391,189,384,190,372,196,375,210,379,220,351,226,341,208,297,202,285,193,287,181,270,174" shape="poly" href="http://www.cofsoria.es/colegio/index_d.shtml?refbol=elcolegio&amp;refsec=memoria_colegial" />
<area title="BURGOS" alt="" coords="240,42,234,26,258,8,291,6,307,33,300,40,317,62,303,66,304,119,313,124,295,146,284,140,282,152,274,169,255,170,251,179,233,167,226,144,237,131,220,110,213,56" shape="poly" href="https://www.cofburgos.es/es/subseccion/98/1/" />
<area title="PALENCIA" alt="" coords="183,19,169,34,163,95,155,96,154,108,161,112,155,133,163,132,173,147,179,140,195,154,224,152,222,140,232,132,212,111,209,58,224,48,215,30,197,17" shape="poly" href="http://www.cofpalencia.org/PUBLICO/MEMORIAS/memoria2019.pdf" />
<area title="LEON" alt="" coords="105,18,117,20,149,10,166,0,179,18,166,35,160,92,127,100,127,122,24,96,26,86,19,84,19,70,3,68,5,48,15,44,20,30,51,28,54,14,79,15,102,26" shape="poly" href="https://www.cofleon.es/colegio/memorias-anuales/" />
<area title="ZAMORA" alt="" coords="22,97,127,124,132,127,133,148,125,150,137,177,129,181,132,212,81,203,81,210,43,192,62,167,37,154,37,129,8,126,2,111" shape="poly" href="https://www.cofzamora.es/es/el-colegio/memoria-colegial" />
<area title="VALLADOLID" alt="" coords="153,97,152,109,157,114,153,133,163,135,171,150,178,144,194,157,223,155,228,176,189,186,189,194,173,214,165,217,157,212,143,212,136,210,132,183,140,177,129,153,136,149,137,126,130,121,130,104" shape="poly" href="https://www.farmaceuticosdevalladolid.es/modulo/elcolegio/memoria-colegial/" />
 </map>
</div>
<h3 style="color: #fffcd1!important; background: #006938!important; padding: 5px 5px 5px 10px!important; margin-bottom: 2px!important; font-size: 120%;">Memorias del Consejo General de Colegios Oficiales de Farmacéuticos &#8211; CGCOF</h3>
<div style="margin: 3% 0% 0% 2%; text-align: center;"><a href="https://www.portalfarma.com/profesionales/organizacionfcolegial/memoriaactv/Paginas/listado.aspx"><span style="text-decoration: underline;">Memoria del Consejo General</span></a></p>
</div>
</div>
</div>
</div>
</div>

<p>MEMORIAS DE ACTIVIDAD Memorias de Actividad del Consejo de Colegios Profesionales de Farmacéuticos de Castilla y León &#8211; CONCYL Memoria año 2021 Memoria año 2020 Memoria año 2019 Memoria año 2018 Memoria año 2017 Memorias de Actividad de los Colegios Oficiales de Farmacéuticos de Castilla y León Memorias del Consejo General de Colegios Oficiales de [&hellip;]</p>
